3*u, -u + 0*u = -o + w. What are the prime factors of f(u)?
2
Let j(x) = 4*x - 33. Let y(i) = 5*i - 34. Let s(u) = -3*j(u) + 2*y(u). List the prime factors of s(14).
3
Suppose 12*i - 4250 = 7*i. What are the prime factors of i?
2, 5, 17
Let u(g) = 6*g**3 - 31*g**2 + 2*g - 9. Suppose 2*b = 0, 14 = 2*v - 5*b + 2. List the prime factors of u(v).
3, 61
Suppose -2*y = 3*y - 45. Let p = 3 + 2. Suppose -y = -o + p*u, -4*o + 36 = -0*o + 2*u. List the prime factors of o.
3
Let n = 66 + -20. Let m(d) = d**3 + 15*d**2 - d - 11. Let b be m(-15). Suppose 3*t = 5*w + n, 3*t - 4*t = b*w - 38. What are the prime factors of t?
2, 11
Let c = -32 + -49. Let k = c - -127. List the prime factors of k.
2, 23
Let y(p) = -165*p - 25. List the prime factors of y(-6).
5, 193
Let r = 8433 + -2495. What are the prime factors of r?
2, 2969
Suppose 5302 = 4*c - 1138. What are the prime factors of c?
2, 5, 7, 23
Let m(y) = 8*y**3 - 9*y**3 + y**3 + 6 + y**3. Let p be m(0). Suppose -l + v = -41, p*l - 3*l = -v + 111. What are the prime factors of l?
2, 19
Suppose 0 = -2*m - 5*v + 263, -2*m - 2*v = -m - 132. Let j = m - 99. What are the prime factors of j?
5, 7
Let j = -63 + 565. What are the prime factors of j/6 - 18/27?
83
Suppose 2*r = 4*h + 216, 4*r - 9*r + 265 = -5*h. Let a = 41 - h. What are the prime factors of a?
2, 3
Suppose 427 = 2*b + 95. What are the prime factors of b?
2, 83
Suppose -127*i + 123*i + 912 = 4*s, 5*s - 15 = 0. List the prime factors of i.
3, 5
Let k(n) = 10*n + 384. List the prime factors of k(35).
2, 367
Let h(m) = 2*m**2 + 11*m - 41. What are the prime factors of h(-11)?
2, 5
Let r(i) = -3*i**2 + 6*i - 2. Let u be r(2). List the prime factors of 206*(-1)/u - 0.
103
Let x(u) be the first derivative of -4 + 8 + u - 2*u**2 - u - 7*u. List the prime factors of x(-8).
5
Let b(m) = 2*m**2 + 17*m + 6. Let f be b(-8). List the prime factors of (-42)/(-9)*3 - f.
2
Let p be 2/(-6)*-6 - 36. List the prime factors of 6/(-51) - 548/p.
2
Let v be (-5)/2*216/(-20). Let j = -15 + v. Let n = 22 - j. List the prime factors of n.
2, 5
Suppose 36*p - 138 = 34*p. What are the prime factors of p?
3, 23
Suppose 3331 = 2*z + 5*b, -7*b = -z - 9*b + 1664. What are the prime factors of z?
2, 829
Suppose 42*k = 13144 + 150488. What are the prime factors of k?
2, 487
Suppose 0 = 2*h - 3*h - 4*p + 61, 4*p - 143 = -3*h. Suppose v + v + z - h = 0, 3*v + z - 63 = 0. What are the prime factors of v?
2, 11
Let h(t) = -5*t**3 + t**2 - 14*t - 1. Let k(w) = -w**3 + w**2 + w - 1. Let b(n) = h(n) - 6*k(n). What are the prime factors of b(8)?
37
Let h = 500 + 0. List the prime factors of h.
2, 5
Suppose 3*q - 21 = 2*k, 5*q + 3*k + 0 = 35. Let i(u) = 9*u - 9. Let j be i(q). Suppose -b + j = g, 2*b - 45 = -4*g + 161. What are the prime factors of g?
7
Suppose -171*w + 177*w = 20502. List the prime factors of w.
3, 17, 67
Let h(k) = 3*k**3 - 4*k**2 + 7. Let n(x) = -x**3 + 1. Let v be n(1). Suppose 5*c = -v*c + 15. What are the prime factors of h(c)?
2, 13
List the prime factors of 4580 - (3/3*-4)/1.
2, 3, 191
Let d(u) = 2*u - 34. Let v be d(19). What are the prime factors of 11 + v + -1 + -2?
2, 3
Suppose -92250 = -41*u - 22017. List the prime factors of u.
3, 571
Suppose -5*x = -x - 8, -2*a + 3*x = -310. Suppose 238 = 4*z - a. List the prime factors of z.
3, 11
Suppose -5*k + 5*h = -0*h - 45, 0 = 2*k + h - 3. Suppose 4*p - 491 = -5*t, -3*p - k*t + 348 = -7*t. What are the prime factors of p?
7, 17
Let n(o) = -14*o - 7. Let p(s) = 2*s**3 - s**2 + s + 2. Let r be p(-1). List the prime factors of n(r).
3, 7
Suppose -4*n - 8 = 0, -3*m = -5*n - 177 - 241. What are the prime factors of m?
2, 17
Let a(p) = p**3 + 2*p**2 - 3*p - 7. Let h = -18 + 22. What are the prime factors of a(h)?
7, 11
Suppose -30*m = 16*m - 51612. What are the prime factors of m?
2, 3, 11, 17
Suppose 4*p = 4, 2*p = 5*y + 5*p + 17. What are the prime factors of 163/4 - 1/y?
41
Suppose 3*r + t - 1 = 0, 4*r + 0*r + 2*t = 0. Suppose p + 0*q + q = -r, 0 = 2*q - 6. Let i = p - -10. What are the prime factors of i?
2, 3
Let i(c) = 14*c**3 - 32*c**2 + 6*c + 9. What are the prime factors of i(7)?
3, 5, 73
Let x(v) = -50 - 50 + 6*v**2 + 101 + 3*v + v**3. What are the prime factors of x(-5)?
11
Let u(c) be the second derivative of -c**4/12 + 13*c**3/6 - 7*c**2/2 + 2*c. Let m be u(12). Suppose -7*b + m*b = -56. List the prime factors of b.
2, 7
Let s(r) = 2*r**3 - 21*r**2 + 9*r + 16. List the prime factors of s(13).
2, 3, 163
Suppose -110 = -4*c - 314. Let f = 97 + c. List the prime factors of f.
2, 23
Let j = 32 - 27. Let w(z) = 1 + 5 + j*z + z + 5*z**2. List the prime factors of w(-3).
3, 11
Let a(h) = 4 + 2 + h**2 - 5*h - 7. Let n be a(6). Suppose 2*g + 4*p + 67 = 5*g, -g - 3*p = -n. List the prime factors of g.
17
Suppose 3*g = -j - 2*g + 26, -4*g = -3*j - 17. Let y be (2 + j - -7)*-4. Let v = 60 + y. List the prime factors of v.
2, 5
Let q be -5 + -104 + 4 + 0. Let w = -8 - q. What are the prime factors of w?
97
Let m = -6 - -8. Suppose 2*v = -m - 30. List the prime factors of 4/v + (-26)/(-8).
3
Let p(f) = 6*f**2 + 87*f - 33. What are the prime factors of p(-18)?
3, 5, 23
Let l(g) = -3*g - 1. Suppose 5*x + b + 13 = 0, 11 = -x - 3*b - 0. Let t be l(x). Suppose -3*h + 58 = 4*a - 16, t*h - 85 = a. List the prime factors of h.
2, 3
Let d = 22 - 16. Suppose -4*s = d*s - 660. What are the prime factors of s?
2, 3, 11
Suppose -3*l + 200 - 65 = 3*h, -3*l + 139 = h. Suppose 3*o - l = -5. Suppose -c - c = -o. What are the prime factors of c?
7
Let t be (2 - 1)/(-1) + -19. Let l be (-1 + -2)*t/(-30). List the prime factors of (-4 - -5) + (l - -33).
2
Let m = -54 - -27. Let d = 32 + m. What are the prime factors of d?
5
Let q(i) = -i**3 + 12*i**2 - 12*i + 13. Let t be q(11). Let v(b) = 36*b. Let u be v(t). Suppose -3*k + u = -k. What are the prime factors of k?
2, 3
Suppose -151*r + 154*r = 183. What are the prime factors of r?
61
Suppose -28 + 70 = 6*i. Suppose -b = -5*z - 71, -261 = 3*b - i*b - 3*z. What are the prime factors of b?
2, 3, 11
Let y = 8 - 6. Suppose 0 = -u - 2*l + 31, 2*u + y*l - l - 71 = 0. Let f = 63 - u. What are the prime factors of f?
2, 13
Let g = 690 + -156. Suppose -2*p + 5*p - g = 0. What are the prime factors of p?
2, 89
Let c = 31 + -8. Let n = c + -20. Suppose 0*s = -n*s + 105. What are the prime factors of s?
5, 7
Suppose 2*z = 4*p + 1050, -707 - 904 = -3*z - 3*p. List the prime factors of z.
13, 41
Let q be (55/22)/(3 - 1)*4. Let a = 8 + -6. Suppose -q*i = -a*n + 79, n - 8*i = -4*i + 44. What are the prime factors of n?
2
Suppose -4381 + 24879 = 4*d - 2*o, d - 5*o - 5102 = 0. What are the prime factors of d?
3, 1709
What are the prime factors of (-44597)/(-35) - (-12)/(-60)?
2, 7, 13
Suppose n + 4*f = -11 - 23, n = -3*f - 38. Let r = -7 - n. Suppose -2*c - 3 + r = 0. List the prime factors of c.
2, 5
Let g = 298 - 97. Suppose -r - 2*r = -g. What are the prime factors of r?
67
Let i(f) = -f**3 + 5*f**2 - 5*f + 6. Let m be 1/(4/16 + 0). Let j be i(m). Suppose b - 10 = j. What are the prime factors of b?
2, 3
Let v be 3 + -1*(-9)/1. Suppose i - v = 15. Let w = 2 + i. List the prime factors of w.
29
Let g be 4/((-80)/(-5)) + 1302/8. Suppose -219 - g = -2*m. What are the prime factors of m?
191
Let t(g) = g**3 + 5*g**2 - 4*g - 7. Let p = -1 + 6. Suppose -r - p = 0, 0*r = 4*k - 4*r. List the prime factors of t(k).
13
Let h(y) = -40*y - 31. What are the prime factors of h(-23)?
7, 127
Suppose -352 = -2*d + 2188. What are the prime factors of d?
2, 5, 127
Suppose -720 = 38*o - 50*o. List the prime factors of o.
2, 3, 5
Let k be 3/5 + (-18)/15*-2. Suppose k*z - 269 = -2*x + 34, 3*z = -9. What are the prime factors of x?
2, 3, 13
Suppose 0 = 2*f - 4*k + 4, 3*f + 28 = -0*k - 5*k. Let y be 38/9 - f/(-27). Suppose y*t - 1 - 39 = 0. What are the prime factors of t?
2, 5
Let z(l) = -l**2 - 7*l + 3. Let r be z(-4). Let m(y) = 1 - 4*y**2 + r*y - 13 + 3*y**2. What are the prime factors of m(13)?
2, 7
Let d(s) be the first derivative of s**3/3 + s**2/2 + 53*s + 9. List the prime factors of d(0).
53
Suppose -78*j + 178565 = -7*j. What are the prime factors of j?
5, 503
Suppose -2*j = -2, -n + j = -6*n + 11426. What are the prime factors of n?
5, 457
Let y be 6*(1 - 15/2). Suppose 0*z + 4*z + 144 = 0. What are the prime factors o